{"id":543,"date":"2024-01-05T04:35:50","date_gmt":"2024-01-05T04:35:50","guid":{"rendered":"https:\/\/optimisten.123befreit.de\/?post_type=product&#038;p=543"},"modified":"2024-01-31T03:14:12","modified_gmt":"2024-01-31T03:14:12","slug":"begleitbuch-zum-ur-vertrauen-kurs","status":"publish","type":"product","link":"https:\/\/optimisten.123befreit.de\/?product=begleitbuch-zum-ur-vertrauen-kurs","title":{"rendered":"Begleitbuch zum UR Vertrauen Kurs digital zum Download \/ Selbstdrucken"},"content":{"rendered":"<p>72 Seiten (36 Bl\u00e4tter) Druck bunt\/Begleitbuch zum Selbstausf\u00fcllen<br \/>\nBunte Bedruckung und Freifl\u00e4che f\u00fcr deine eigenen Notizen<\/p>\n<p>F\u00fcr jeden Anlass:<br \/>\no \u00a0 wenn du mehr Energie brauchst,<br \/>\no\u00a0\u00a0 wenn du einen Durchh\u00e4nger hast,<br \/>\no\u00a0\u00a0 wenn du Freude steigern m\u00f6chtest,<br \/>\no\u00a0\u00a0 wenn du Motivation ben\u00f6tigst,<br \/>\no\u00a0\u00a0 wenn du die Lebenslust erh\u00f6hen m\u00f6chtest,<br \/>\no\u00a0\u00a0 wenn du mehr Anreiz im Leben magst,<br \/>\no\u00a0\u00a0 wenn du den Blick auf das SCH\u00d6NE wenden m\u00f6chtest,<br \/>\no\u00a0\u00a0 wenn dir wichtig ist, da\u00df deine Frequenz steigt, wenn du vor einem wichtigen<br \/>\nTermin stehst oder ein Telefonat machen m\u00f6chtest, was wichtig ist,<br \/>\no\u00a0\u00a0 wenn du dir was GUTES tun m\u00f6chtest<br \/>\no\u00a0\u00a0 einfach f\u00fcr JEDEN Anlass, also 24h am Tag, denn jeder Tag ist wichtig<\/p>\n<p>DIN A 4 quer ca. 297 mm breit &amp; 210 mm hoch<br \/>\nMit Ring\u00f6sen<br \/>\nTitel Text<\/p>\n","protected":false},"excerpt":{"rendered":"<p>72 Seiten (36 Bl\u00e4tter) Druck bunt\/Begleitbuch zum Selbstausf\u00fcllen Bunte Bedruckung und Freifl\u00e4che f\u00fcr deine eigenen Notizen F\u00fcr jeden Anlass: o \u00a0 wenn du mehr Energie brauchst, o\u00a0\u00a0 wenn du einen Durchh\u00e4nger hast, o\u00a0\u00a0 wenn du Freude steigern m\u00f6chtest, o\u00a0\u00a0 wenn du Motivation ben\u00f6tigst, o\u00a0\u00a0 wenn du die Lebenslust erh\u00f6hen m\u00f6chtest, o\u00a0\u00a0 wenn du mehr Anreiz [&hellip;]<\/p>\n","protected":false},"featured_media":222,"comment_status":"open","ping_status":"closed","template":"","meta":[],"product_brand":[],"product_cat":[51,60,58,59],"product_tag":[],"class_list":{"0":"post-543","1":"product","2":"type-product","3":"status-publish","4":"has-post-thumbnail","6":"product_cat-physisches-druckprodrukt","7":"product_cat-ebook-bzw-pdf","8":"product_cat-ebook-digitalprodukt","9":"product_cat-nach-bestellung-per-mail","11":"first","12":"instock","13":"sale","14":"downloadable","15":"shipping-taxable","16":"purchasable","17":"product-type-simple"},"jetpack_sharing_enabled":true,"_links":{"self":[{"href":"https:\/\/optimisten.123befreit.de\/index.php?rest_route=\/wp\/v2\/product\/543","targetHints":{"allow":["GET"]}}],"collection":[{"href":"https:\/\/optimisten.123befreit.de\/index.php?rest_route=\/wp\/v2\/product"}],"about":[{"href":"https:\/\/optimisten.123befreit.de\/index.php?rest_route=\/wp\/v2\/types\/product"}],"replies":[{"embeddable":true,"href":"https:\/\/optimisten.123befreit.de\/index.php?rest_route=%2Fwp%2Fv2%2Fcomments&post=543"}],"wp:featuredmedia":[{"embeddable":true,"href":"https:\/\/optimisten.123befreit.de\/index.php?rest_route=\/wp\/v2\/media\/222"}],"wp:attachment":[{"href":"https:\/\/optimisten.123befreit.de\/index.php?rest_route=%2Fwp%2Fv2%2Fmedia&parent=543"}],"wp:term":[{"taxonomy":"product_brand","embeddable":true,"href":"https:\/\/optimisten.123befreit.de\/index.php?rest_route=%2Fwp%2Fv2%2Fproduct_brand&post=543"},{"taxonomy":"product_cat","embeddable":true,"href":"https:\/\/optimisten.123befreit.de\/index.php?rest_route=%2Fwp%2Fv2%2Fproduct_cat&post=543"},{"taxonomy":"product_tag","embeddable":true,"href":"https:\/\/optimisten.123befreit.de\/index.php?rest_route=%2Fwp%2Fv2%2Fproduct_tag&post=543"}],"curies":[{"name":"wp","href":"https:\/\/api.w.org\/{rel}","templated":true}]}}