{"id":569,"date":"2024-01-06T06:04:56","date_gmt":"2024-01-06T06:04:56","guid":{"rendered":"https:\/\/optimisten.123befreit.de\/?post_type=product&#038;p=569"},"modified":"2024-01-06T06:09:22","modified_gmt":"2024-01-06T06:09:22","slug":"woche-4-zum-aufbau-deines-urvertrauens-kopie","status":"publish","type":"product","link":"https:\/\/optimisten.123befreit.de\/?product=woche-4-zum-aufbau-deines-urvertrauens-kopie","title":{"rendered":"Woche 4 zum Aufbau deines URVertrauens (Kopie)"},"content":{"rendered":"<p>Woche 4 von 4<br \/>\nf\u00fcr den Aufbau deines URVertrauens<br \/>\nNUR der Abschluss aller 4 Wochen<br \/>\nbzw. des kompletten Kurses ist das GESAMTPRODUKT<\/p>\n<p>nach Erhalt keine R\u00fcckgabe, da Digitalprodukt<\/p>\n<p>es werden w\u00f6chentlich \u00dcbungen zugesandt bzw. ein Download zur Verf\u00fcgung gestellt,<br \/>\ngesch\u00fctzter Bereich<\/p>\n<p>mit genauen \u00dcbungen und Anleitungen, die du t\u00e4glich anwendest<\/p>\n","protected":false},"excerpt":{"rendered":"[contact-form][contact-field label=\"Name\" type=\"name\"  required=\"true\" \/][contact-field label=\"E-Mail\" type=\"email\" required=\"true\" \/][contact-field label=\"Website\" type=\"url\" \/][contact-field label=\"Nachricht\" type=\"textarea\" \/][\/contact-form]\n<p>&nbsp;<\/p>\n","protected":false},"featured_media":565,"comment_status":"open","ping_status":"closed","template":"","meta":[],"product_brand":[],"product_cat":[42,60],"product_tag":[],"class_list":{"0":"post-569","1":"product","2":"type-product","3":"status-publish","4":"has-post-thumbnail","6":"product_cat-kurs","7":"product_cat-ebook-bzw-pdf","9":"first","10":"instock","11":"downloadable","12":"shipping-taxable","13":"purchasable","14":"product-type-simple"},"jetpack_sharing_enabled":true,"_links":{"self":[{"href":"https:\/\/optimisten.123befreit.de\/index.php?rest_route=\/wp\/v2\/product\/569","targetHints":{"allow":["GET"]}}],"collection":[{"href":"https:\/\/optimisten.123befreit.de\/index.php?rest_route=\/wp\/v2\/product"}],"about":[{"href":"https:\/\/optimisten.123befreit.de\/index.php?rest_route=\/wp\/v2\/types\/product"}],"replies":[{"embeddable":true,"href":"https:\/\/optimisten.123befreit.de\/index.php?rest_route=%2Fwp%2Fv2%2Fcomments&post=569"}],"wp:featuredmedia":[{"embeddable":true,"href":"https:\/\/optimisten.123befreit.de\/index.php?rest_route=\/wp\/v2\/media\/565"}],"wp:attachment":[{"href":"https:\/\/optimisten.123befreit.de\/index.php?rest_route=%2Fwp%2Fv2%2Fmedia&parent=569"}],"wp:term":[{"taxonomy":"product_brand","embeddable":true,"href":"https:\/\/optimisten.123befreit.de\/index.php?rest_route=%2Fwp%2Fv2%2Fproduct_brand&post=569"},{"taxonomy":"product_cat","embeddable":true,"href":"https:\/\/optimisten.123befreit.de\/index.php?rest_route=%2Fwp%2Fv2%2Fproduct_cat&post=569"},{"taxonomy":"product_tag","embeddable":true,"href":"https:\/\/optimisten.123befreit.de\/index.php?rest_route=%2Fwp%2Fv2%2Fproduct_tag&post=569"}],"curies":[{"name":"wp","href":"https:\/\/api.w.org\/{rel}","templated":true}]}}